 What is the tens digit of c(1)?
8
Let o(c) = -c + 60. Let t = 4 - -17. Let r be o(t). Let x = 42 + r. What is the units digit of x?
1
Suppose -4*x + 4 = 0, -4*s = x - 0*x + 99. Let c be (10/s)/(4/(-2940)). Suppose 4*m = -2*m + c. What is the units digit of m?
9
Suppose -5*i - 20 = -4*p + 9, -5*p - i = -58. Suppose 9*f - 2240 = -p*f. What is the hundreds digit of f?
1
Suppose -6997 = 9*i - 39019. What is the hundreds digit of i?
5
Let x(y) = y**2 - 10*y + 16. Let w be x(8). Suppose w = 6*g - 16*g + 550. What is the tens digit of g?
5
Let s(t) = -18*t**3 - 3*t**2 - 42*t + 60. What is the thousands digit of s(-6)?
4
Let h(c) = c**3 + c**2 + c - 1. Let a(x) = 4*x**2 - 9*x - 8. Let q(j) = a(j) + h(j). Let f be q(-6). Suppose -216 = -b - f*b. What is the tens digit of b?
5
Let q = 17 - 0. Suppose -2*h - 16*o = -q*o - 837, 3*o = h - 406. What is the units digit of h?
1
Let p(y) = -y**3 + 8*y**2 - 11*y + 6. Let b be p(7). Let w = b + 35. Let o(t) = 10*t + 25. What is the units digit of o(w)?
5
Let x be -9 - (-4)/((-32)/(-7416)). Let y = 2002 - x. What is the units digit of y?
4
Suppose f + 20183 = 2*x, -4*f = 5*x - 25043 - 25408. What is the ten thousands digit of x?
1
Let a be -1 + (4 - 3 - -2). Suppose 0*i + a*i = -l + 13, 2*i = 2*l - 2. Suppose l*k + 0*k - 749 = 3*p, 3*p - 287 = -2*k. What is the tens digit of k?
4
Let a(d) = -6043*d + 1231. What is the thousands digit of a(-7)?
3
What is the thousands digit of (-495)/(((-324)/(-624))/(-9))?
8
Let c be ((-48)/66)/4 + (-10424)/22. Let z be c*2 + (0 - (-3)/(-1)). What is the tens digit of z/63*-3 + 2/(-7)?
4
Suppose z - 23 = -5*b, 3*z - 7 = -b + 2*z. Let t(v) = 2 - 7*v**2 + 24*v**2 + 13 - b - 11*v. What is the units digit of t(4)?
9
Let l(c) = c. Let h be l(3). Suppose 3*n = h, v + 3*n = 2*v - 46. Let i = v + -44. What is the units digit of i?
5
What is the thousands digit of (18/4)/(56/32*-3)*-8617?
7
Suppose -6*c - 4*v + 5 = -3*c, 0 = 3*v + 3. Let o(u) = 7*u**3 + 6*u**2 - 6*u - 1. What is the units digit of o(c)?
4
Let x(u) = 15*u + 100. Let w(f) = -f - 10. Let n be w(-20). What is the tens digit of x(n)?
5
What is the units digit of (2712 - -1)/((-95)/(-285))?
9
Let k(u) = u**3 - 18*u**2 + 3*u - 45. Let d be k(18). What is the units digit of (d/27)/(2654/2652 - 1)?
2
Suppose c = -4*q - 8, -5*q - 12 + 86 = -4*c. What is the hundreds digit of 3284*((-12)/c + (-2)/4)?
8
Let j(s) = 1082*s**3 + 7*s**2 - 12*s + 45. What is the tens digit of j(4)?
5
Let c(q) = 13*q**2 + 127*q - 1125. What is the units digit of c(10)?
5
Let a(y) = 4*y**2 - 6*y - 1. Let q be a(2). Let t be (8/q)/((-10)/(-15)). Suppose -9 = 3*p, p = -2*k + t*p + 101. What is the tens digit of k?
4
Let k(r) = 23*r**2 - 121*r + 140. What is the tens digit of k(-12)?
0
Let u(r) = r**3 + 58*r**2 - 117*r - 75. What is the units digit of u(-52)?
3
Let q be 3*(44/12 - 2). Let h be (-1)/(6/(-22)) - 3/(-9). Suppose q*g + 5*x - 2*x = 1278, -h*x = -4*g + 1016. What is the hundreds digit of g?
2
Let d(s) = 282*s**2 - 2. Let a be d(-1). Suppose -278*t = -a*t + 3852. What is the hundreds digit of t?
9
What is the thousands digit of (-212744)/(-16) - (10 + 136/(-16))?
3
Let p(j) = j**2 + 3*j - 11. Let o be p(8). Suppose 0 = c - 3*n - 22, 5*c + 2*n - o = 50. What is the units digit of c?
5
What is the hundreds digit of 586697/14 + (-397)/(-5558)?
9
Let c(o) = -10*o. Let a be c(-1). Suppose -5*k + 3*f + f = a, 2*f = 5*k. What is the tens digit of (8/2)/k - (-276)/3?
9
Suppose -55*k + 273546 = -13*k. What is the thousands digit of k?
6
Let f(o) = -28*o + 73. Let y be -2 - (18 - (0 + 3)). What is the units digit of f(y)?
9
Suppose 208 = 40*f - 112. What is the units digit of 1*164*(-1)/(f/(-40))?
0
Let a(x) = -x**3 - x**2 + 20*x + 12. Let d be a(4). What is the units digit of (14 - d)*(-158)/(-4)?
9
Suppose 3*c - 8 = -134. Let w be c/5*(-30)/(-6). What is the hundreds digit of (-393)/(-2)*(-28)/w?
1
Suppose -7*y + 61 - 61 = 0. Suppose 83*j - 89*j + 4956 = y. What is the units digit of j?
6
Let g(r) = r**3 + 8*r**2 + 3151. What is the tens digit of g(0)?
5
What is the hundreds digit of (918/10)/((-59)/(-295))?
4
Suppose 0 = -148*s + 248*s - 2120500. What is the units digit of s?
5
Let a = 8647 - -4050. What is the tens digit of a?
9
Suppose 4*y = 5*j + 28, j - 52 = -3*y - 3*j. Suppose 0 = 44*m - 42*m - y. What is the tens digit of (-45)/m*-6 + (-1 - 2)?
4
Let t = 847 + -847. Suppose t = -6*q + 447 + 1575. What is the units digit of q?
7
Let h be 170/25 + (-8)/10. What is the units digit of 22488/30 - h/10?
9
Suppose 7*i = 59 + 18. Let f(w) = -1 - 8 - 10 - w**2 + 14*w. What is the tens digit of f(i)?
1
Suppose -6485 = 5*p + 5*q, -5*p - 1297 = -4*p + 2*q. What is the units digit of 9/((-9)/(-4)) - (2 + p)?
9
Suppose -124*q + 122*q + 220 = 0. What is the hundreds digit of 12*89 + q/22?
0
Suppose 5*w - 81 = -71. Suppose -5*u + 3725 = -2*f, 6*f + 3735 = 5*u + w*f. What is the tens digit of u?
4
Suppose -5*v = -3 - 7. Let s(t) = -2 + t - 20*t**2 - 2 + 32*t**v. What is the tens digit of s(-2)?
4
Let g = -5778 - -27426. What is the units digit of g?
8
What is the hundreds digit of (3/15)/((-136)/(-649910))*4?
8
Suppose 21*j = 23*j - 1980. What is the hundreds digit of 4 + j + -1 + (3 - -2)?
9
Suppose 13*h + 62 = -107. Let s(o) = -69*o - 74. What is the hundreds digit of s(h)?
8
Let c(i) = 582 + 586 - 69*i - 1152. What is the units digit of c(-11)?
5
Suppose 0 = -9*k - 2 + 20. Let q be (0 - -1)/((-2)/4) + k. Suppose q*g = 3*g - 198. What is the units digit of g?
6
Suppose 0*k + 29920 = 4*k - 2*k. What is the thousands digit of k?
4
Suppose -1096764 - 80991 = -31*w - 68451. What is the tens digit of w?
8
What is the thousands digit of 781160/56 - ((-9)/(-7) - 1)?
3
Let g = -2207 + 2261. What is the tens digit of g?
5
Let v = 4390 - 2570. What is the tens digit of (0 - (v/(-12))/(-5))*-15?
5
Let g(y) = 2*y + 4. Let p be g(-3). Let n be 18/4 + p/4. Suppose -4*h = -7*f + 2*f + 623, -2*f - n*h + 266 = 0. What is the hundreds digit of f?
1
Suppose 39*h = -5*h + 216139 - 9163. What is the units digit of h?
4
Suppose -3*m = -3*v - 25218, m - 4*v - 8442 = -9*v. What is the tens digit of m?
1
What is the tens digit of 8924 - -5 - -3 - (-2 + 4)?
3
Suppose -3*m = 4*c - 15, -8*m + 13*m + 10 = 5*c. Suppose c*p = -2*d + 945, 0 = -d + p - 0*p + 465. What is the hundreds digit of d?
4
Suppose -2*k + 231 + 518 = 5*c, 725 = 2*k - 3*c. Let x = k + -295. What is the tens digit of x?
7
Suppose -69 = -12*r + 111. Suppose r*f = -f + 48. What is the units digit of f?
3
Suppose -5*j - 11 = -4*c - 4*j, 4*c = -5*j - 7. Suppose -c*r + q = -177, q + 171 = 2*r + 2*q. Let s = r - 43. What is the units digit of s?
4
Suppose 0 = 19*u + 396 - 301. Let r(h) = -h**3 + 10*h**2 - 6 + 0*h**3 + 2*h**3 - 12*h. What is the units digit of r(u)?
9
Let c(w) = w**2 + 12*w + 6. Let b be c(-14). Let m(h) = 2*h - 17 + b + 9*h. What is the tens digit of m(9)?
1
Let a be (14/4 - 2)*(-72)/(-54). Suppose 7*p + 399 = -5*l + 5*p, 0 = -a*p + 6. Let o = 110 + l. What is the units digit of o?
9
Suppose 2*o + 1715 = 2*m - 12055, 2*o - 13786 = -2*m. What is the tens digit of m?
8
Suppose -4*i = -5*x - 3779 + 2, 2*i + 3*x = 1905. What is the units digit of i?
8
Suppose 4*q - f = 6362, 4*q - 6370 = 3*f + 2*f. What is the units digit of q?
0
Let u(j) = 6281*j + 2154. What is the ten thousands digit of u(6)?
3
Suppose -6 + 33 = d + 5*g, 0 = d - 2*g + 8. Suppose 0 = 5*u + 5*r - 545, 5*r - 215 = d*u - 4*u. What is the hundreds digit of u?
1
Let v = -2429 - -1574. Let y = v + 2087. What is the units digit of y?
2
Let t be (3/(9/3))/1. Let w be 97/(-2 - -3) + t + -4. Suppose -2*s + 2*c + w = 4, 2*s - 4*c - 82 = 0. What is the units digit of s?
9
Let w(j) be the first derivative of -j**2 + 32*j - 16. Let p be w(17). What is the units digit of (-6)/2*(p - 25)?
1
Suppose 5*m - 19057 = -3*h, 1785*m - 1781*m = -h + 15240. What is the tens digit of m?
0
Let d(n) = -n**3 - 59*n**2 - 482*n - 129. What is the hundreds digit of d(-50)?
4
Let b(g) = -g**3 - 14*g**2 + 38*g - 15. Let t be b(-19). Suppose 3*y = 2*x - y - t, -1622 = -3*x + 2*y. What is the tens digit of x?
4
Suppose -201 = -22*u - 45*u. Suppose 0 = -5*a - u*m + 4633, -1240 - 634 = -2*a + 4*m. What is the units digit of a?
9
Let k(b) = b**3 - 11*b**2 - 9*b - 6. Let v be k(12). Le